{"id":11838,"date":"2022-11-10T17:23:46","date_gmt":"2022-11-10T16:23:46","guid":{"rendered":"https:\/\/www.quetzalma.org\/?p=11838"},"modified":"2022-12-04T11:11:47","modified_gmt":"2022-12-04T10:11:47","slug":"journee-mondiale-du-syndrome-de-down-2022","status":"publish","type":"page","link":"https:\/\/www.quetzalma.org\/?page_id=11838","title":{"rendered":"Journ\u00e9e Mondiale du Syndrome de Down 2022"},"content":{"rendered":"<div class=\"pdfprnt-buttons pdfprnt-buttons-page pdfprnt-top-right\"><a href=\"https:\/\/www.quetzalma.org\/index.php?rest_route=%2Fwp%2Fv2%2Fpages%2F11838&print=pdf\" class=\"pdfprnt-button pdfprnt-button-pdf\" target=\"_blank\" ><img decoding=\"async\" src=\"https:\/\/www.quetzalma.org\/wp-content\/plugins\/pdf-print\/images\/pdf.png\" alt=\"image_pdf\" title=\"Afficher le PDF\" \/><\/a><a href=\"https:\/\/www.quetzalma.org\/index.php?rest_route=%2Fwp%2Fv2%2Fpages%2F11838&print=print\" class=\"pdfprnt-button pdfprnt-button-print\" target=\"_blank\" ><img decoding=\"async\" src=\"https:\/\/www.quetzalma.org\/wp-content\/plugins\/pdf-print\/images\/print.png\" alt=\"image_print\" title=\"Contenu imprim\u00e9\" \/><\/a><\/div><div class=\"xdj266r x11i5rnm xat24cr x1mh8g0r x1vvkbs x126k92a\">\n<div dir=\"auto\"><a href=\"https:\/\/www.quetzalma.org\/?attachment_id=11842\" rel=\"attachment wp-att-11842\"><img loading=\"lazy\" decoding=\"async\" class=\"wp-image-11842 alignnone\" src=\"https:\/\/www.quetzalma.org\/wp-content\/uploads\/2022\/11\/Journee-mondiale-Syndrome-Down-2022-300x160.jpg\" alt=\"\" width=\"326\" height=\"174\" srcset=\"https:\/\/www.quetzalma.org\/wp-content\/uploads\/2022\/11\/Journee-mondiale-Syndrome-Down-2022-300x160.jpg 300w, https:\/\/www.quetzalma.org\/wp-content\/uploads\/2022\/11\/Journee-mondiale-Syndrome-Down-2022-1024x547.jpg 1024w, https:\/\/www.quetzalma.org\/wp-content\/uploads\/2022\/11\/Journee-mondiale-Syndrome-Down-2022-768x410.jpg 768w, https:\/\/www.quetzalma.org\/wp-content\/uploads\/2022\/11\/Journee-mondiale-Syndrome-Down-2022-150x80.jpg 150w, https:\/\/www.quetzalma.org\/wp-content\/uploads\/2022\/11\/Journee-mondiale-Syndrome-Down-2022.jpg 1185w\" sizes=\"auto, (max-width: 326px) 100vw, 326px\" \/>\u00a0\u00a0 <\/a><a href=\"https:\/\/www.quetzalma.org\/?attachment_id=11844\" rel=\"attachment wp-att-11844\"><img loading=\"lazy\" decoding=\"async\" class=\" wp-image-11844 alignnone\" src=\"https:\/\/www.quetzalma.org\/wp-content\/uploads\/2022\/11\/Pasitos-y-Quetzalma-300x164.png\" alt=\"\" width=\"315\" height=\"172\" srcset=\"https:\/\/www.quetzalma.org\/wp-content\/uploads\/2022\/11\/Pasitos-y-Quetzalma-300x164.png 300w, https:\/\/www.quetzalma.org\/wp-content\/uploads\/2022\/11\/Pasitos-y-Quetzalma-1024x559.png 1024w, https:\/\/www.quetzalma.org\/wp-content\/uploads\/2022\/11\/Pasitos-y-Quetzalma-768x419.png 768w, https:\/\/www.quetzalma.org\/wp-content\/uploads\/2022\/11\/Pasitos-y-Quetzalma-150x82.png 150w, https:\/\/www.quetzalma.org\/wp-content\/uploads\/2022\/11\/Pasitos-y-Quetzalma.png 1057w\" sizes=\"auto, (max-width: 315px) 100vw, 315px\" \/><\/a><\/div>\n<div dir=\"auto\"><\/div>\n<div dir=\"auto\">\n<div class=\"xdj266r x11i5rnm xat24cr x1mh8g0r x1vvkbs x126k92a\">\n<div dir=\"auto\">Nous l&rsquo;attendions : retour sur la journ\u00e9e mondiale du Syndrome de Down que nous c\u00e9l\u00e9brons chaque ann\u00e9e le 21 mars.<\/div>\n<div dir=\"auto\"><\/div>\n<\/div>\n<div class=\"x11i5rnm xat24cr x1mh8g0r x1vvkbs xtlvy1s x126k92a\">\n<div dir=\"auto\">Contraintes sanitaires obligent, la distanciation physique impos\u00e9e n\u2019a pas permis de c\u00e9l\u00e9brer la f\u00eate de fa\u00e7on habituelle \u00e0 Pasitos de Esperanza.<\/div>\n<div dir=\"auto\"><\/div>\n<\/div>\n<div class=\"x11i5rnm xat24cr x1mh8g0r x1vvkbs xtlvy1s x126k92a\">\n<div dir=\"auto\">C&rsquo;\u00e9tait donc une c\u00e9l\u00e9bration timide qui a toutefois \u00e9t\u00e9 organis\u00e9e pour le plus grand bonheur de\u00a0 nos jeunes.<\/div>\n<div dir=\"auto\"><\/div>\n<\/div>\n<\/div>\n<div dir=\"auto\"><\/div>\n<div dir=\"auto\"><\/div>\n<div dir=\"auto\"><a href=\"https:\/\/youtu.be\/QC6x5e5vI8M\">https:\/\/youtu.be\/QC6x5e5vI8M<\/a><\/div>\n<div dir=\"auto\"><\/div>\n<\/div>\n<div class=\"x11i5rnm xat24cr x1mh8g0r x1vvkbs xtlvy1s x126k92a\">\n<div dir=\"auto\"><\/div>\n<\/div>\n<div class=\"x11i5rnm xat24cr x1mh8g0r x1vvkbs xtlvy1s x126k92a\">\n<div dir=\"auto\"><\/div>\n<\/div>\n","protected":false},"excerpt":{"rendered":"<p>\u00a0\u00a0 Nous l&rsquo;attendions : retour sur la journ\u00e9e mondiale du Syndrome de Down que nous c\u00e9l\u00e9brons chaque ann\u00e9e le 21 mars. Contraintes sanitaires obligent, la\u2026<\/p>\n<p class=\"continue-reading-button\"> <a class=\"continue-reading-link\" href=\"https:\/\/www.quetzalma.org\/?page_id=11838\">Lire la suite<i class=\"crycon-right-dir\"><\/i><\/a><\/p>\n","protected":false},"author":1,"featured_media":11842,"parent":11465,"menu_order":2,"comment_status":"closed","ping_status":"open","template":"","meta":{"footnotes":""},"class_list":["post-11838","page","type-page","status-publish","has-post-thumbnail","hentry"],"_links":{"self":[{"href":"https:\/\/www.quetzalma.org\/index.php?rest_route=\/wp\/v2\/pages\/11838","targetHints":{"allow":["GET"]}}],"collection":[{"href":"https:\/\/www.quetzalma.org\/index.php?rest_route=\/wp\/v2\/pages"}],"about":[{"href":"https:\/\/www.quetzalma.org\/index.php?rest_route=\/wp\/v2\/types\/page"}],"author":[{"embeddable":true,"href":"https:\/\/www.quetzalma.org\/index.php?rest_route=\/wp\/v2\/users\/1"}],"replies":[{"embeddable":true,"href":"https:\/\/www.quetzalma.org\/index.php?rest_route=%2Fwp%2Fv2%2Fcomments&post=11838"}],"version-history":[{"count":5,"href":"https:\/\/www.quetzalma.org\/index.php?rest_route=\/wp\/v2\/pages\/11838\/revisions"}],"predecessor-version":[{"id":11848,"href":"https:\/\/www.quetzalma.org\/index.php?rest_route=\/wp\/v2\/pages\/11838\/revisions\/11848"}],"up":[{"embeddable":true,"href":"https:\/\/www.quetzalma.org\/index.php?rest_route=\/wp\/v2\/pages\/11465"}],"wp:featuredmedia":[{"embeddable":true,"href":"https:\/\/www.quetzalma.org\/index.php?rest_route=\/wp\/v2\/media\/11842"}],"wp:attachment":[{"href":"https:\/\/www.quetzalma.org\/index.php?rest_route=%2Fwp%2Fv2%2Fmedia&parent=11838"}],"curies":[{"name":"wp","href":"https:\/\/api.w.org\/{rel}","templated":true}]}}