{"id":12972,"date":"2023-11-29T20:42:50","date_gmt":"2023-11-29T19:42:50","guid":{"rendered":"https:\/\/www.quetzalma.org\/?p=12972"},"modified":"2024-02-14T14:13:56","modified_gmt":"2024-02-14T13:13:56","slug":"dimanche-3-decembre-nous-entrons-dans-le-temps-de-lavent","status":"publish","type":"page","link":"https:\/\/www.quetzalma.org\/?page_id=12972","title":{"rendered":"Dimanche 3 d\u00e9cembre, nous entrons dans le temps de l\u2019Avent."},"content":{"rendered":"<div class=\"pdfprnt-buttons pdfprnt-buttons-page pdfprnt-top-right\"><a href=\"https:\/\/www.quetzalma.org\/index.php?rest_route=%2Fwp%2Fv2%2Fpages%2F12972&print=pdf\" class=\"pdfprnt-button pdfprnt-button-pdf\" target=\"_blank\" ><img decoding=\"async\" src=\"https:\/\/www.quetzalma.org\/wp-content\/plugins\/pdf-print\/images\/pdf.png\" alt=\"image_pdf\" title=\"Afficher le PDF\" \/><\/a><a href=\"https:\/\/www.quetzalma.org\/index.php?rest_route=%2Fwp%2Fv2%2Fpages%2F12972&print=print\" class=\"pdfprnt-button pdfprnt-button-print\" target=\"_blank\" ><img decoding=\"async\" src=\"https:\/\/www.quetzalma.org\/wp-content\/plugins\/pdf-print\/images\/print.png\" alt=\"image_print\" title=\"Contenu imprim\u00e9\" \/><\/a><\/div><div class=\"xdj266r x11i5rnm xat24cr x1mh8g0r x1vvkbs x126k92a\">\n<div dir=\"auto\"><span style=\"font-size: 12pt; color: #ff0000;\"><em>Dimanche 3 d\u00e9cembre, nous entrons dans le temps de l\u2019Avent, p\u00e9riode qui nous m\u00e8ne jusqu\u2019\u00e0 No\u00ebl, f\u00eate de la paix et de la joie.<\/em><\/span><\/div>\n<\/div>\n<div dir=\"auto\"><\/div>\n<div class=\"xdj266r x11i5rnm xat24cr x1mh8g0r x1vvkbs x126k92a\">\n<div dir=\"auto\">\n<p><span style=\"text-decoration: underline; color: #0000ff;\"><em><span style=\"color: #0000ff; text-decoration: underline;\">La l\u00e9gende des quatre bougies de l&rsquo;Avent,\u00a0 une l\u00e9gende du Nord<\/span><\/em><\/span><\/p>\n<div class=\"x11i5rnm xat24cr x1mh8g0r x1vvkbs xtlvy1s x126k92a\">\n<div dir=\"auto\">Une tradition associ\u00e9e \u00e0 l&rsquo;Avent et \u00e0 No\u00ebl qui, aujourd&rsquo;hui plus que jamais, parvient \u00e0 parler \u00e0 nos c\u0153urs.<\/div>\n<div dir=\"auto\">par Manuela Vico<\/div>\n<div dir=\"auto\"><\/div>\n<\/div>\n<p><a href=\"https:\/\/www.quetzalma.org\/?attachment_id=12973\" rel=\"attachment wp-att-12973\">\u00a0 \u00a0 \u00a0 \u00a0 \u00a0 \u00a0 \u00a0 \u00a0 \u00a0 \u00a0 \u00a0 \u00a0 \u00a0 <img loading=\"lazy\" decoding=\"async\" class=\"wp-image-12973 alignnone\" src=\"https:\/\/www.quetzalma.org\/wp-content\/uploads\/2023\/11\/406553875_7277835318893374_6602275324170892692_n-300x168.jpg\" alt=\"\" width=\"386\" height=\"216\" srcset=\"https:\/\/www.quetzalma.org\/wp-content\/uploads\/2023\/11\/406553875_7277835318893374_6602275324170892692_n-300x168.jpg 300w, https:\/\/www.quetzalma.org\/wp-content\/uploads\/2023\/11\/406553875_7277835318893374_6602275324170892692_n-150x84.jpg 150w, https:\/\/www.quetzalma.org\/wp-content\/uploads\/2023\/11\/406553875_7277835318893374_6602275324170892692_n.jpg 450w\" sizes=\"auto, (max-width: 386px) 100vw, 386px\" \/><\/a><\/p>\n<\/div>\n<\/div>\n<div class=\"x11i5rnm xat24cr x1mh8g0r x1vvkbs xtlvy1s x126k92a\">\n<div dir=\"auto\"><\/div>\n<\/div>\n<div class=\"x11i5rnm xat24cr x1mh8g0r x1vvkbs xtlvy1s x126k92a\">\n<div dir=\"auto\">Dans les pays du Nord, mais aussi en France et en Suisse, chaque ann\u00e9e, on ravive cette belle tradition des quatre bougies de l\u2019Avent. On les allume l\u2019une apr\u00e8s l\u2019autre \u00e0 partir du quatri\u00e8me dimanche avant No\u00ebl dans l\u2019attente de la naissance du Messie. Une l\u00e9gende tr\u00e8s po\u00e9tique serait \u00e0 l\u2019origine de cette coutume.<\/div>\n<div dir=\"auto\"><\/div>\n<\/div>\n<div class=\"x11i5rnm xat24cr x1mh8g0r x1vvkbs xtlvy1s x126k92a\">\n<div dir=\"auto\">Quatre bougies br\u00fblaient dans leur bougeoir de l&rsquo;Avent.\u00a0Le silence r\u00e9gnait, et on entendait les bougies se parler.<\/div>\n<div dir=\"auto\">La premi\u00e8re bougie soupira et dit : \u00ab\u00a0Mon nom est Paix, je brille d&rsquo;une lumi\u00e8re claire, mais les humains ne souhaitent pas la paix, il ne me veulent pas\u00a0\u00bb. La flamme se r\u00e9duisit et finit par s&rsquo;\u00e9teindre.<\/div>\n<div dir=\"auto\">La deuxi\u00e8me bougie dit : \u00ab\u00a0Mon nom est la Foi, mais je suis devenue inutile. Les humains ne souhaitent plus conna\u00eetre Dieu. Ma flamme n&rsquo;a plus de sens\u00a0\u00bb. Elle s&rsquo;\u00e9teignit.<\/div>\n<div dir=\"auto\">Triste et avec une douce voix, la troisi\u00e8me bougie dit : \u00ab\u00a0Mon nom est Amour, je n&rsquo;ai plus la force de br\u00fbler, les humains m&rsquo;ignorent, ils ne voient qu&rsquo;eux-m\u00eames et pas ceux qu&rsquo;ils devraient aimer\u00a0\u00bb. Et la troisi\u00e8me bougie s&rsquo;\u00e9teignit \u00e9galement.<\/div>\n<div dir=\"auto\">Un enfant arriva les larmes aux yeux : \u00ab\u00a0Votre r\u00f4le est de br\u00fbler et non pas de vous \u00e9teindre\u00a0\u00bb. Soudain on entendit la voix de la quatri\u00e8me bougie: \u00ab\u00a0Ne t&rsquo;inqui\u00e8te pas, aussi longtemps que je br\u00fble, je peux rallumer les autres. Mon nom est Espoir.\u00a0\u00bb<\/div>\n<div dir=\"auto\">L&rsquo;enfant prit la flamme de l&rsquo;Espoir et ralluma celle de la Paix, de la Foi et de l&rsquo;Amour.<\/div>\n<\/div>\n<h1 dir=\"auto\"><\/h1>\n<div dir=\"auto\"><\/div>\n<div class=\"x11i5rnm xat24cr x1mh8g0r x1vvkbs xtlvy1s x126k92a\">\n<div dir=\"auto\"><strong><em><span style=\"color: #ff00ff;\">Nous vous souhaitons, une belle p\u00e9riode de l\u2019Avent, un tr\u00e8s beau mois de d\u00e9cembre, beaucoup de bonheur, de joie et de s\u00e9r\u00e9nit\u00e9.<\/span><\/em><\/strong><\/div>\n<\/div>\n","protected":false},"excerpt":{"rendered":"<p>Dimanche 3 d\u00e9cembre, nous entrons dans le temps de l\u2019Avent, p\u00e9riode qui nous m\u00e8ne jusqu\u2019\u00e0 No\u00ebl, f\u00eate de la paix et de la joie. La\u2026<\/p>\n<p class=\"continue-reading-button\"> <a class=\"continue-reading-link\" href=\"https:\/\/www.quetzalma.org\/?page_id=12972\">Lire la suite<i class=\"crycon-right-dir\"><\/i><\/a><\/p>\n","protected":false},"author":1,"featured_media":12973,"parent":5258,"menu_order":12,"comment_status":"closed","ping_status":"open","template":"","meta":{"footnotes":""},"class_list":["post-12972","page","type-page","status-publish","has-post-thumbnail","hentry"],"_links":{"self":[{"href":"https:\/\/www.quetzalma.org\/index.php?rest_route=\/wp\/v2\/pages\/12972","targetHints":{"allow":["GET"]}}],"collection":[{"href":"https:\/\/www.quetzalma.org\/index.php?rest_route=\/wp\/v2\/pages"}],"about":[{"href":"https:\/\/www.quetzalma.org\/index.php?rest_route=\/wp\/v2\/types\/page"}],"author":[{"embeddable":true,"href":"https:\/\/www.quetzalma.org\/index.php?rest_route=\/wp\/v2\/users\/1"}],"replies":[{"embeddable":true,"href":"https:\/\/www.quetzalma.org\/index.php?rest_route=%2Fwp%2Fv2%2Fcomments&post=12972"}],"version-history":[{"count":6,"href":"https:\/\/www.quetzalma.org\/index.php?rest_route=\/wp\/v2\/pages\/12972\/revisions"}],"predecessor-version":[{"id":12982,"href":"https:\/\/www.quetzalma.org\/index.php?rest_route=\/wp\/v2\/pages\/12972\/revisions\/12982"}],"up":[{"embeddable":true,"href":"https:\/\/www.quetzalma.org\/index.php?rest_route=\/wp\/v2\/pages\/5258"}],"wp:featuredmedia":[{"embeddable":true,"href":"https:\/\/www.quetzalma.org\/index.php?rest_route=\/wp\/v2\/media\/12973"}],"wp:attachment":[{"href":"https:\/\/www.quetzalma.org\/index.php?rest_route=%2Fwp%2Fv2%2Fmedia&parent=12972"}],"curies":[{"name":"wp","href":"https:\/\/api.w.org\/{rel}","templated":true}]}}