{"id":13864,"date":"2025-05-24T22:20:38","date_gmt":"2025-05-24T21:20:38","guid":{"rendered":"https:\/\/www.quetzalma.org\/?p=13864"},"modified":"2025-11-03T16:28:25","modified_gmt":"2025-11-03T15:28:25","slug":"bonne-fete-des-meres","status":"publish","type":"page","link":"https:\/\/www.quetzalma.org\/?page_id=13864","title":{"rendered":"BONNE FETE DES M\u00c8RES"},"content":{"rendered":"<div class=\"pdfprnt-buttons pdfprnt-buttons-page pdfprnt-top-right\"><a href=\"https:\/\/www.quetzalma.org\/index.php?rest_route=%2Fwp%2Fv2%2Fpages%2F13864&print=pdf\" class=\"pdfprnt-button pdfprnt-button-pdf\" target=\"_blank\" ><img decoding=\"async\" src=\"https:\/\/www.quetzalma.org\/wp-content\/plugins\/pdf-print\/images\/pdf.png\" alt=\"image_pdf\" title=\"Afficher le PDF\" \/><\/a><a href=\"https:\/\/www.quetzalma.org\/index.php?rest_route=%2Fwp%2Fv2%2Fpages%2F13864&print=print\" class=\"pdfprnt-button pdfprnt-button-print\" target=\"_blank\" ><img decoding=\"async\" src=\"https:\/\/www.quetzalma.org\/wp-content\/plugins\/pdf-print\/images\/print.png\" alt=\"image_print\" title=\"Contenu imprim\u00e9\" \/><\/a><\/div><p style=\"text-align: center;\"><span style=\"font-size: 12pt;\">Bonne F\u00eate \u00e0 toutes les Mamans, Bonne F\u00eate \u00e0 toutes les Mamies,<\/span><\/p>\n<p style=\"text-align: center;\"><span style=\"font-size: 12pt;\">A toutes les mamans, une journ\u00e9e remplie de bonheur, de tendresse et de doux souvenirs<\/span><\/p>\n<p>&nbsp;<\/p>\n<p>&nbsp;<\/p>\n<p style=\"text-align: center;\">\u00a0 \u00a0 \u00a0 \u00a0 \u00a0 <a href=\"https:\/\/www.quetzalma.org\/?attachment_id=13865\" rel=\"attachment wp-att-13865\"><img loading=\"lazy\" decoding=\"async\" class=\"wp-image-13865 alignnone\" src=\"https:\/\/www.quetzalma.org\/wp-content\/uploads\/2025\/05\/IMG_9272-216x300.jpg\" alt=\"\" width=\"227\" height=\"315\" srcset=\"https:\/\/www.quetzalma.org\/wp-content\/uploads\/2025\/05\/IMG_9272-216x300.jpg 216w, https:\/\/www.quetzalma.org\/wp-content\/uploads\/2025\/05\/IMG_9272-108x150.jpg 108w, https:\/\/www.quetzalma.org\/wp-content\/uploads\/2025\/05\/IMG_9272.jpg 416w\" sizes=\"auto, (max-width: 227px) 100vw, 227px\" \/><\/a> \u00a0 \u00a0 \u00a0 \u00a0<a href=\"https:\/\/www.quetzalma.org\/?attachment_id=13866\" rel=\"attachment wp-att-13866\"><img loading=\"lazy\" decoding=\"async\" class=\"size-medium wp-image-13866 alignleft\" src=\"https:\/\/www.quetzalma.org\/wp-content\/uploads\/2025\/05\/IMG_9268-200x300.jpg\" alt=\"\" width=\"200\" height=\"300\" srcset=\"https:\/\/www.quetzalma.org\/wp-content\/uploads\/2025\/05\/IMG_9268-200x300.jpg 200w, https:\/\/www.quetzalma.org\/wp-content\/uploads\/2025\/05\/IMG_9268-683x1024.jpg 683w, https:\/\/www.quetzalma.org\/wp-content\/uploads\/2025\/05\/IMG_9268-768x1152.jpg 768w, https:\/\/www.quetzalma.org\/wp-content\/uploads\/2025\/05\/IMG_9268-100x150.jpg 100w, https:\/\/www.quetzalma.org\/wp-content\/uploads\/2025\/05\/IMG_9268.jpg 800w\" sizes=\"auto, (max-width: 200px) 100vw, 200px\" \/><\/a>\u00a0 \u00a0 \u00a0 \u00a0 \u00a0 \u00a0 \u00a0 \u00a0 \u00a0 <a href=\"https:\/\/www.quetzalma.org\/?attachment_id=13867\" rel=\"attachment wp-att-13867\"><img loading=\"lazy\" decoding=\"async\" class=\"size-medium wp-image-13867 alignnone\" src=\"https:\/\/www.quetzalma.org\/wp-content\/uploads\/2025\/05\/IMG_9271-189x300.jpg\" alt=\"\" width=\"189\" height=\"300\" srcset=\"https:\/\/www.quetzalma.org\/wp-content\/uploads\/2025\/05\/IMG_9271-189x300.jpg 189w, https:\/\/www.quetzalma.org\/wp-content\/uploads\/2025\/05\/IMG_9271-647x1024.jpg 647w, https:\/\/www.quetzalma.org\/wp-content\/uploads\/2025\/05\/IMG_9271-95x150.jpg 95w, https:\/\/www.quetzalma.org\/wp-content\/uploads\/2025\/05\/IMG_9271.jpg 768w\" sizes=\"auto, (max-width: 189px) 100vw, 189px\" \/><\/a><\/p>\n<p>&nbsp;<\/p>\n<p style=\"text-align: center;\"><span style=\"font-size: 12pt;\">Des milliers d\u2019\u00e9toiles dans le ciel ,<\/span><br \/>\n<span style=\"font-size: 12pt;\">Des milliers d\u2019oiseaux dans les arbres ,<\/span><br \/>\n<span style=\"font-size: 12pt;\">Des milliers de fleurs au jardin ,<\/span><br \/>\n<span style=\"font-size: 12pt;\">Des milliers d\u2019abeilles sur les fleurs ,<\/span><br \/>\n<span style=\"font-size: 12pt;\">Des milliers de coquillages sur les plages ,<\/span><br \/>\n<span style=\"font-size: 12pt;\">Des milliers de poissons dans les mers ,<\/span><br \/>\n<span style=\"font-size: 12pt;\">Et\u2026 seulement \u2026 seulement une maman !<\/span><\/p>\n<p style=\"text-align: center;\"><span style=\"color: #ff00ff; font-size: 12pt;\">Le c\u0153ur d\u2019une m\u00e8re est le chef-d\u2019\u0153uvre de la nature.<\/span><\/p>\n<p>&nbsp;<\/p>\n<p style=\"text-align: center;\"><span style=\"font-size: 10pt; font-family: georgia, palatino, serif;\">Une douce pens\u00e9e \u00e0 toutes les Mamans, toutes les Mamies qui sont parties trop t\u00f4t et qui nous manquent tellement !\u00a0<\/span><\/p>\n<p>&nbsp;<\/p>\n","protected":false},"excerpt":{"rendered":"<p>Bonne F\u00eate \u00e0 toutes les Mamans, Bonne F\u00eate \u00e0 toutes les Mamies, A toutes les mamans, une journ\u00e9e remplie de bonheur, de tendresse et de\u2026<\/p>\n<p class=\"continue-reading-button\"> <a class=\"continue-reading-link\" href=\"https:\/\/www.quetzalma.org\/?page_id=13864\">Lire la suite<i class=\"crycon-right-dir\"><\/i><\/a><\/p>\n","protected":false},"author":1,"featured_media":13866,"parent":5258,"menu_order":0,"comment_status":"closed","ping_status":"open","template":"","meta":{"footnotes":""},"class_list":["post-13864","page","type-page","status-publish","has-post-thumbnail","hentry"],"_links":{"self":[{"href":"https:\/\/www.quetzalma.org\/index.php?rest_route=\/wp\/v2\/pages\/13864","targetHints":{"allow":["GET"]}}],"collection":[{"href":"https:\/\/www.quetzalma.org\/index.php?rest_route=\/wp\/v2\/pages"}],"about":[{"href":"https:\/\/www.quetzalma.org\/index.php?rest_route=\/wp\/v2\/types\/page"}],"author":[{"embeddable":true,"href":"https:\/\/www.quetzalma.org\/index.php?rest_route=\/wp\/v2\/users\/1"}],"replies":[{"embeddable":true,"href":"https:\/\/www.quetzalma.org\/index.php?rest_route=%2Fwp%2Fv2%2Fcomments&post=13864"}],"version-history":[{"count":9,"href":"https:\/\/www.quetzalma.org\/index.php?rest_route=\/wp\/v2\/pages\/13864\/revisions"}],"predecessor-version":[{"id":13877,"href":"https:\/\/www.quetzalma.org\/index.php?rest_route=\/wp\/v2\/pages\/13864\/revisions\/13877"}],"up":[{"embeddable":true,"href":"https:\/\/www.quetzalma.org\/index.php?rest_route=\/wp\/v2\/pages\/5258"}],"wp:featuredmedia":[{"embeddable":true,"href":"https:\/\/www.quetzalma.org\/index.php?rest_route=\/wp\/v2\/media\/13866"}],"wp:attachment":[{"href":"https:\/\/www.quetzalma.org\/index.php?rest_route=%2Fwp%2Fv2%2Fmedia&parent=13864"}],"curies":[{"name":"wp","href":"https:\/\/api.w.org\/{rel}","templated":true}]}}