{"id":2637,"date":"2016-09-30T15:58:42","date_gmt":"2016-09-30T14:58:42","guid":{"rendered":"http:\/\/www.quetzalma.org\/?page_id=2637"},"modified":"2016-09-30T15:58:42","modified_gmt":"2016-09-30T14:58:42","slug":"rentree-des-associations-de-strasbourg-24-25-septembre-2016","status":"publish","type":"page","link":"https:\/\/www.quetzalma.org\/?page_id=2637","title":{"rendered":"Rentr\u00e9e des Associations de Strasbourg 24 &#038; 25 septembre 2016"},"content":{"rendered":"<div class=\"pdfprnt-buttons pdfprnt-buttons-page pdfprnt-top-right\"><a href=\"https:\/\/www.quetzalma.org\/index.php?rest_route=%2Fwp%2Fv2%2Fpages%2F2637&print=pdf\" class=\"pdfprnt-button pdfprnt-button-pdf\" target=\"_blank\" ><img decoding=\"async\" src=\"https:\/\/www.quetzalma.org\/wp-content\/plugins\/pdf-print\/images\/pdf.png\" alt=\"image_pdf\" title=\"Afficher le PDF\" \/><\/a><a href=\"https:\/\/www.quetzalma.org\/index.php?rest_route=%2Fwp%2Fv2%2Fpages%2F2637&print=print\" class=\"pdfprnt-button pdfprnt-button-print\" target=\"_blank\" ><img decoding=\"async\" src=\"https:\/\/www.quetzalma.org\/wp-content\/plugins\/pdf-print\/images\/print.png\" alt=\"image_print\" title=\"Contenu imprim\u00e9\" \/><\/a><\/div><p>Week-end ensoleill\u00e9 au Parc de la Citadelle (quartier de l\u2019Esplanade) \u00e0 Strasbourg.<\/p>\n<p>C&rsquo;\u00e9tait le temps de la rentr\u00e9e pour les scolaires ainsi que pour les associations, une rentr\u00e9e riche en temps forts qui viendront renforcer \u00a0la vie associative et on ne peut que s&rsquo;en r\u00e9jouir &#8230;<\/p>\n<p><a href=\"https:\/\/www.quetzalma.org\/wp-content\/uploads\/2016\/09\/DSC_0002-1.jpg\"><img loading=\"lazy\" decoding=\"async\" class=\"wp-image-2589 alignnone\" src=\"https:\/\/www.quetzalma.org\/wp-content\/uploads\/2016\/09\/DSC_0002-1.jpg\" alt=\"dsc_0002-1\" width=\"390\" height=\"260\" srcset=\"https:\/\/www.quetzalma.org\/wp-content\/uploads\/2016\/09\/DSC_0002-1.jpg 6000w, https:\/\/www.quetzalma.org\/wp-content\/uploads\/2016\/09\/DSC_0002-1-300x200.jpg 300w, https:\/\/www.quetzalma.org\/wp-content\/uploads\/2016\/09\/DSC_0002-1-768x512.jpg 768w, https:\/\/www.quetzalma.org\/wp-content\/uploads\/2016\/09\/DSC_0002-1-1024x683.jpg 1024w, https:\/\/www.quetzalma.org\/wp-content\/uploads\/2016\/09\/DSC_0002-1-150x100.jpg 150w\" sizes=\"auto, (max-width: 390px) 100vw, 390px\" \/><\/a>\u00a0 \u00a0\u00a0 <img loading=\"lazy\" decoding=\"async\" class=\"wp-image-2587 alignnone\" src=\"https:\/\/www.quetzalma.org\/wp-content\/uploads\/2016\/09\/DSC_0006-1.jpg\" alt=\"dsc_0006-1\" width=\"390\" height=\"260\" srcset=\"https:\/\/www.quetzalma.org\/wp-content\/uploads\/2016\/09\/DSC_0006-1.jpg 6000w, https:\/\/www.quetzalma.org\/wp-content\/uploads\/2016\/09\/DSC_0006-1-300x200.jpg 300w, https:\/\/www.quetzalma.org\/wp-content\/uploads\/2016\/09\/DSC_0006-1-768x512.jpg 768w, https:\/\/www.quetzalma.org\/wp-content\/uploads\/2016\/09\/DSC_0006-1-1024x683.jpg 1024w, https:\/\/www.quetzalma.org\/wp-content\/uploads\/2016\/09\/DSC_0006-1-150x100.jpg 150w\" sizes=\"auto, (max-width: 390px) 100vw, 390px\" \/><\/p>\n<p><a href=\"https:\/\/www.quetzalma.org\/wp-content\/uploads\/2016\/09\/DSC_0003-1-1.jpg\"><img loading=\"lazy\" decoding=\"async\" class=\"wp-image-2593 aligncenter\" src=\"https:\/\/www.quetzalma.org\/wp-content\/uploads\/2016\/09\/DSC_0003-1-1.jpg\" alt=\"dsc_0003-1\" width=\"390\" height=\"287\" srcset=\"https:\/\/www.quetzalma.org\/wp-content\/uploads\/2016\/09\/DSC_0003-1-1.jpg 5425w, https:\/\/www.quetzalma.org\/wp-content\/uploads\/2016\/09\/DSC_0003-1-1-300x221.jpg 300w, https:\/\/www.quetzalma.org\/wp-content\/uploads\/2016\/09\/DSC_0003-1-1-768x566.jpg 768w, https:\/\/www.quetzalma.org\/wp-content\/uploads\/2016\/09\/DSC_0003-1-1-1024x755.jpg 1024w, https:\/\/www.quetzalma.org\/wp-content\/uploads\/2016\/09\/DSC_0003-1-1-150x111.jpg 150w\" sizes=\"auto, (max-width: 390px) 100vw, 390px\" \/><\/a>300 stands d&rsquo;associations implant\u00e9s sous des chapiteaux et r\u00e9partis en villages th\u00e9matiques.<\/p>\n<p>Des superbes animations pour petits et grands.<\/p>\n","protected":false},"excerpt":{"rendered":"<p>Week-end ensoleill\u00e9 au Parc de la Citadelle (quartier de l\u2019Esplanade) \u00e0 Strasbourg. C&rsquo;\u00e9tait le temps de la rentr\u00e9e pour les scolaires ainsi que pour les\u2026<\/p>\n<p class=\"continue-reading-button\"> <a class=\"continue-reading-link\" href=\"https:\/\/www.quetzalma.org\/?page_id=2637\">Lire la suite<i class=\"crycon-right-dir\"><\/i><\/a><\/p>\n","protected":false},"author":1,"featured_media":0,"parent":1083,"menu_order":15,"comment_status":"closed","ping_status":"closed","template":"","meta":{"footnotes":""},"class_list":["post-2637","page","type-page","status-publish","hentry"],"_links":{"self":[{"href":"https:\/\/www.quetzalma.org\/index.php?rest_route=\/wp\/v2\/pages\/2637","targetHints":{"allow":["GET"]}}],"collection":[{"href":"https:\/\/www.quetzalma.org\/index.php?rest_route=\/wp\/v2\/pages"}],"about":[{"href":"https:\/\/www.quetzalma.org\/index.php?rest_route=\/wp\/v2\/types\/page"}],"author":[{"embeddable":true,"href":"https:\/\/www.quetzalma.org\/index.php?rest_route=\/wp\/v2\/users\/1"}],"replies":[{"embeddable":true,"href":"https:\/\/www.quetzalma.org\/index.php?rest_route=%2Fwp%2Fv2%2Fcomments&post=2637"}],"version-history":[{"count":3,"href":"https:\/\/www.quetzalma.org\/index.php?rest_route=\/wp\/v2\/pages\/2637\/revisions"}],"predecessor-version":[{"id":2650,"href":"https:\/\/www.quetzalma.org\/index.php?rest_route=\/wp\/v2\/pages\/2637\/revisions\/2650"}],"up":[{"embeddable":true,"href":"https:\/\/www.quetzalma.org\/index.php?rest_route=\/wp\/v2\/pages\/1083"}],"wp:attachment":[{"href":"https:\/\/www.quetzalma.org\/index.php?rest_route=%2Fwp%2Fv2%2Fmedia&parent=2637"}],"curies":[{"name":"wp","href":"https:\/\/api.w.org\/{rel}","templated":true}]}}