{"id":6760,"date":"2018-12-10T19:42:47","date_gmt":"2018-12-10T18:42:47","guid":{"rendered":"http:\/\/www.quetzalma.org\/?p=6760"},"modified":"2019-01-22T01:07:45","modified_gmt":"2019-01-22T00:07:45","slug":"marche-de-noel-strasbourg-place-kleber-village-du-partage","status":"publish","type":"page","link":"https:\/\/www.quetzalma.org\/?page_id=6760","title":{"rendered":"March\u00e9 de No\u00ebl &#8211; Strasbourg Place Kleber Village du Partage D\u00e9cembre 2018"},"content":{"rendered":"<div class=\"pdfprnt-buttons pdfprnt-buttons-page pdfprnt-top-right\"><a href=\"https:\/\/www.quetzalma.org\/index.php?rest_route=%2Fwp%2Fv2%2Fpages%2F6760&print=pdf\" class=\"pdfprnt-button pdfprnt-button-pdf\" target=\"_blank\" ><img decoding=\"async\" src=\"https:\/\/www.quetzalma.org\/wp-content\/plugins\/pdf-print\/images\/pdf.png\" alt=\"image_pdf\" title=\"Afficher le PDF\" \/><\/a><a href=\"https:\/\/www.quetzalma.org\/index.php?rest_route=%2Fwp%2Fv2%2Fpages%2F6760&print=print\" class=\"pdfprnt-button pdfprnt-button-print\" target=\"_blank\" ><img decoding=\"async\" src=\"https:\/\/www.quetzalma.org\/wp-content\/plugins\/pdf-print\/images\/print.png\" alt=\"image_print\" title=\"Contenu imprim\u00e9\" \/><\/a><\/div><div class=\"block_content\">Depuis 1570, Strasbourg accueille chaque ann\u00e9e le march\u00e9 de No\u00ebl, le fameux &lsquo;Christkindelsm\u00e4rik&rsquo;.<\/div>\n<div class=\"block_content\"><\/div>\n<p>Jour J, Village du Partage place Kleber \u00e0 Strasbourg.<br \/>\nInauguration du march\u00e9 de No\u00ebl avec lancement des illuminations, en compagnie du t\u00e9nor Vincent Niclo, de la chanteuse Jeane Manson (parrain et marraine de cette 449e \u00e9dition), de la chanteuse Julie Zenatti et du journaliste Harry Roselmack.<\/p>\n<p>Malgr\u00e9 une temp\u00e9rature hivernale 3\u00b0, la place Kleber grouille de monde, nous sommes tous bien emmitoufl\u00e9s.<\/p>\n<p><img decoding=\"async\" src=\"https:\/\/www.quetzalma.org\/wp-content\/uploads\/\" alt=\"\" \/><a href=\"https:\/\/www.quetzalma.org\/?attachment_id=6782\" rel=\"attachment wp-att-6782\"><img loading=\"lazy\" decoding=\"async\" class=\"wp-image-6782 alignnone\" src=\"https:\/\/www.quetzalma.org\/wp-content\/uploads\/2018\/12\/STRAS1-874x1024.jpg\" alt=\"\" width=\"330\" height=\"386\" srcset=\"https:\/\/www.quetzalma.org\/wp-content\/uploads\/2018\/12\/STRAS1-874x1024.jpg 874w, https:\/\/www.quetzalma.org\/wp-content\/uploads\/2018\/12\/STRAS1-256x300.jpg 256w, https:\/\/www.quetzalma.org\/wp-content\/uploads\/2018\/12\/STRAS1-768x900.jpg 768w, https:\/\/www.quetzalma.org\/wp-content\/uploads\/2018\/12\/STRAS1-128x150.jpg 128w\" sizes=\"auto, (max-width: 330px) 100vw, 330px\" \/>\u00a0 \u00a0 \u00a0 \u00a0 \u00a0 \u00a0 \u00a0 \u00a0 \u00a0 \u00a0 \u00a0\u00a0<\/a><a href=\"https:\/\/www.quetzalma.org\/?attachment_id=6783\" rel=\"attachment wp-att-6783\"><img loading=\"lazy\" decoding=\"async\" class=\"wp-image-6783 alignnone\" src=\"https:\/\/www.quetzalma.org\/wp-content\/uploads\/2018\/12\/STRAS2-576x1024.png\" alt=\"\" width=\"217\" height=\"385\" srcset=\"https:\/\/www.quetzalma.org\/wp-content\/uploads\/2018\/12\/STRAS2-576x1024.png 576w, https:\/\/www.quetzalma.org\/wp-content\/uploads\/2018\/12\/STRAS2-169x300.png 169w, https:\/\/www.quetzalma.org\/wp-content\/uploads\/2018\/12\/STRAS2-84x150.png 84w, https:\/\/www.quetzalma.org\/wp-content\/uploads\/2018\/12\/STRAS2.png 750w\" sizes=\"auto, (max-width: 217px) 100vw, 217px\" \/>\u00a0\u00a0<\/a><\/p>\n<p><a href=\"https:\/\/www.quetzalma.org\/?attachment_id=6791\" rel=\"attachment wp-att-6791\"><img loading=\"lazy\" decoding=\"async\" class=\"alignleft size-large wp-image-6791\" src=\"https:\/\/www.quetzalma.org\/wp-content\/uploads\/2018\/12\/STRAS4.jpg\" alt=\"\" width=\"1\" height=\"1\" \/><\/a><\/p>\n<p><a href=\"https:\/\/www.quetzalma.org\/?attachment_id=6790\" rel=\"attachment wp-att-6790\">\u00a0 \u00a0 \u00a0 \u00a0 \u00a0 \u00a0 \u00a0 \u00a0 \u00a0 \u00a0 \u00a0 \u00a0 \u00a0 \u00a0 \u00a0 \u00a0 \u00a0 \u00a0 \u00a0 \u00a0\u00a0<img loading=\"lazy\" decoding=\"async\" class=\"wp-image-6790 alignnone\" src=\"https:\/\/www.quetzalma.org\/wp-content\/uploads\/2018\/12\/STRAS6-1024x768.jpg\" alt=\"\" width=\"376\" height=\"281\" srcset=\"https:\/\/www.quetzalma.org\/wp-content\/uploads\/2018\/12\/STRAS6-1024x768.jpg 1024w, https:\/\/www.quetzalma.org\/wp-content\/uploads\/2018\/12\/STRAS6-300x225.jpg 300w, https:\/\/www.quetzalma.org\/wp-content\/uploads\/2018\/12\/STRAS6-768x576.jpg 768w, https:\/\/www.quetzalma.org\/wp-content\/uploads\/2018\/12\/STRAS6-150x113.jpg 150w\" sizes=\"auto, (max-width: 376px) 100vw, 376px\" \/><\/a><\/p>\n<p>Adrien, jeune guat\u00e9malt\u00e8que \u00e9tudiant\u00a0 \u00e0 Strasbourg nous a fait le plaisir de sa visite, avant de repartir rejoindre sa famille dans le Sud. A bient\u00f4t !!!<img decoding=\"async\" src=\"https:\/\/www.quetzalma.org\/wp-content\/plugins\/wp-edit\/plugins\/emoticons\/img\/smiley-laughing.gif\" \/><\/p>\n<p><a href=\"https:\/\/www.quetzalma.org\/?attachment_id=6792\" rel=\"attachment wp-att-6792\"><br \/>\n<img loading=\"lazy\" decoding=\"async\" class=\"wp-image-6792 alignnone\" src=\"https:\/\/www.quetzalma.org\/wp-content\/uploads\/2018\/12\/STRAS3-e1544463407149-768x1024.jpg\" alt=\"\" width=\"296\" height=\"395\" srcset=\"https:\/\/www.quetzalma.org\/wp-content\/uploads\/2018\/12\/STRAS3-e1544463407149-768x1024.jpg 768w, https:\/\/www.quetzalma.org\/wp-content\/uploads\/2018\/12\/STRAS3-e1544463407149-225x300.jpg 225w, https:\/\/www.quetzalma.org\/wp-content\/uploads\/2018\/12\/STRAS3-e1544463407149-113x150.jpg 113w\" sizes=\"auto, (max-width: 296px) 100vw, 296px\" \/><\/a><\/p>\n<div><\/div>\n<div class=\"block_content\"><\/div>\n<div><span style=\"font-size: 12pt;\">Inauguration du sapin de No\u00ebl 30 m\u00e8tres de haut,\u00a0place Kleber<\/span><\/div>\n<div><\/div>\n<div><a href=\"https:\/\/youtu.be\/Dax9t3Crz-0?list=PLhhNcGpP5jxfyjrLgwIiMSMNF-tbDTD8Q\">https:\/\/youtu.be\/Dax9t3Crz-0?list=PLhhNcGpP5jxfyjrLgwIiMSMNF-tbDTD8Q<\/a><\/div>\n<div><\/div>\n<div><\/div>\n<div>\n<div><a href=\"https:\/\/www.quetzalma.org\/?attachment_id=6786\" rel=\"attachment wp-att-6786\"><img loading=\"lazy\" decoding=\"async\" class=\"wp-image-6786 alignnone\" src=\"https:\/\/www.quetzalma.org\/wp-content\/uploads\/2018\/12\/STRAS7-e1544456810847-768x1024.jpeg\" alt=\"\" width=\"308\" height=\"411\" srcset=\"https:\/\/www.quetzalma.org\/wp-content\/uploads\/2018\/12\/STRAS7-e1544456810847-768x1024.jpeg 768w, https:\/\/www.quetzalma.org\/wp-content\/uploads\/2018\/12\/STRAS7-e1544456810847-225x300.jpeg 225w, https:\/\/www.quetzalma.org\/wp-content\/uploads\/2018\/12\/STRAS7-e1544456810847-113x150.jpeg 113w\" sizes=\"auto, (max-width: 308px) 100vw, 308px\" \/>\u00a0\u00a0\u00a0<\/a><img loading=\"lazy\" decoding=\"async\" class=\"wp-image-6787 alignnone\" src=\"https:\/\/www.quetzalma.org\/wp-content\/uploads\/2018\/12\/STRAS8-e1544456905352-768x1024.jpg\" alt=\"\" width=\"308\" height=\"411\" srcset=\"https:\/\/www.quetzalma.org\/wp-content\/uploads\/2018\/12\/STRAS8-e1544456905352-768x1024.jpg 768w, https:\/\/www.quetzalma.org\/wp-content\/uploads\/2018\/12\/STRAS8-e1544456905352-225x300.jpg 225w, https:\/\/www.quetzalma.org\/wp-content\/uploads\/2018\/12\/STRAS8-e1544456905352-113x150.jpg 113w\" sizes=\"auto, (max-width: 308px) 100vw, 308px\" \/><\/div>\n<div><\/div>\n<\/div>\n<div>\n<p class=\"title style-scope ytd-video-primary-info-renderer\"><span style=\"font-family: georgia, palatino, serif; font-size: 12pt;\">C\u00e9r\u00e9monie Mise en Lumi\u00e8re No\u00ebl 2018 Strasbourg\u00a0<\/span><\/p>\n<p class=\"title style-scope ytd-video-primary-info-renderer\"><a style=\"font-size: 15px;\" href=\"https:\/\/youtu.be\/Z8lfzXAjnR4\">https:\/\/youtu.be\/Z8lfzXAjnR4<\/a><\/p>\n<\/div>\n<div><\/div>\n<div>\n<div><\/div>\n<div><\/div>\n<div>Ainsi s&rsquo;ach\u00e8ve notre participation 2018 au Village du Partage, huit jours riches en rencontres et en \u00e9changes<\/div>\n<div>Un grand merci \u00e0 tous ceux qui nous ont fait une visite , un grand merci \u00e0 tous ceux qui nous ont soutenu.<img decoding=\"async\" src=\"https:\/\/www.quetzalma.org\/wp-content\/plugins\/wp-edit\/plugins\/emoticons\/img\/smiley-kiss.gif\" \/><\/div>\n<div><\/div>\n<div><\/div>\n<div><\/div>\n<div><\/div>\n<div><\/div>\n<div><\/div>\n<div><\/div>\n<div><\/div>\n<div><\/div>\n<div><\/div>\n<div><\/div>\n<div><\/div>\n<div><\/div>\n<div><\/div>\n<div><\/div>\n<div><\/div>\n<div><\/div>\n<div><\/div>\n<div><\/div>\n<div><\/div>\n<div><\/div>\n<div><\/div>\n<div><\/div>\n<div><\/div>\n<div><\/div>\n<div><\/div>\n<div><\/div>\n<div><\/div>\n<div><\/div>\n<div><\/div>\n<div><\/div>\n<div><\/div>\n<div><\/div>\n<div><\/div>\n<div><\/div>\n<div><\/div>\n<div><\/div>\n<div><\/div>\n<div><\/div>\n<div><\/div>\n<div><\/div>\n<div><\/div>\n<div><\/div>\n<div><\/div>\n<div><\/div>\n<div><\/div>\n<div><\/div>\n<div><\/div>\n<div><\/div>\n<div><\/div>\n<div><\/div>\n<div><\/div>\n<div><\/div>\n<div><\/div>\n<div><\/div>\n<div><\/div>\n<div><\/div>\n<div><\/div>\n<div><\/div>\n<div><\/div>\n<div class=\"block_content\"><\/div>\n<\/div>\n<div><\/div>\n<div><\/div>\n<div><\/div>\n<div><\/div>\n<div><\/div>\n<div><\/div>\n<div><\/div>\n<div><\/div>\n<div><\/div>\n<div><\/div>\n<div><\/div>\n<div><\/div>\n<div><\/div>\n<div><\/div>\n<div><\/div>\n<div><\/div>\n<div><\/div>\n<div><\/div>\n<div><\/div>\n<div><\/div>\n<div><\/div>\n<div><\/div>\n<div><\/div>\n<div><\/div>\n<div><\/div>\n<div><\/div>\n<div><\/div>\n<div><\/div>\n<div><\/div>\n<div><\/div>\n<div><\/div>\n<div><\/div>\n<div><\/div>\n<div><\/div>\n<div><\/div>\n<div><\/div>\n<div><\/div>\n","protected":false},"excerpt":{"rendered":"<p>Depuis 1570, Strasbourg accueille chaque ann\u00e9e le march\u00e9 de No\u00ebl, le fameux &lsquo;Christkindelsm\u00e4rik&rsquo;. Jour J, Village du Partage place Kleber \u00e0 Strasbourg. Inauguration du march\u00e9\u2026<\/p>\n<p class=\"continue-reading-button\"> <a class=\"continue-reading-link\" href=\"https:\/\/www.quetzalma.org\/?page_id=6760\">Lire la suite<i class=\"crycon-right-dir\"><\/i><\/a><\/p>\n","protected":false},"author":1,"featured_media":6787,"parent":4745,"menu_order":21,"comment_status":"closed","ping_status":"open","template":"","meta":{"footnotes":""},"class_list":["post-6760","page","type-page","status-publish","has-post-thumbnail","hentry"],"_links":{"self":[{"href":"https:\/\/www.quetzalma.org\/index.php?rest_route=\/wp\/v2\/pages\/6760","targetHints":{"allow":["GET"]}}],"collection":[{"href":"https:\/\/www.quetzalma.org\/index.php?rest_route=\/wp\/v2\/pages"}],"about":[{"href":"https:\/\/www.quetzalma.org\/index.php?rest_route=\/wp\/v2\/types\/page"}],"author":[{"embeddable":true,"href":"https:\/\/www.quetzalma.org\/index.php?rest_route=\/wp\/v2\/users\/1"}],"replies":[{"embeddable":true,"href":"https:\/\/www.quetzalma.org\/index.php?rest_route=%2Fwp%2Fv2%2Fcomments&post=6760"}],"version-history":[{"count":5,"href":"https:\/\/www.quetzalma.org\/index.php?rest_route=\/wp\/v2\/pages\/6760\/revisions"}],"predecessor-version":[{"id":6818,"href":"https:\/\/www.quetzalma.org\/index.php?rest_route=\/wp\/v2\/pages\/6760\/revisions\/6818"}],"up":[{"embeddable":true,"href":"https:\/\/www.quetzalma.org\/index.php?rest_route=\/wp\/v2\/pages\/4745"}],"wp:featuredmedia":[{"embeddable":true,"href":"https:\/\/www.quetzalma.org\/index.php?rest_route=\/wp\/v2\/media\/6787"}],"wp:attachment":[{"href":"https:\/\/www.quetzalma.org\/index.php?rest_route=%2Fwp%2Fv2%2Fmedia&parent=6760"}],"curies":[{"name":"wp","href":"https:\/\/api.w.org\/{rel}","templated":true}]}}