{"id":8458,"date":"2022-03-24T22:29:00","date_gmt":"2022-03-24T21:29:00","guid":{"rendered":"https:\/\/www.quetzalma.org\/?p=8458"},"modified":"2022-10-10T11:39:28","modified_gmt":"2022-10-10T10:39:28","slug":"aide-aux-plus-demunis-noel-du-15-decembre-2021-au-28-janvier-2022","status":"publish","type":"page","link":"https:\/\/www.quetzalma.org\/?page_id=8458","title":{"rendered":"Aide aux plus d\u00e9munis No\u00ebl &#8211; du 15 d\u00e9cembre 2021 au 28 janvier 2022"},"content":{"rendered":"<div class=\"pdfprnt-buttons pdfprnt-buttons-page pdfprnt-top-right\"><a href=\"https:\/\/www.quetzalma.org\/index.php?rest_route=%2Fwp%2Fv2%2Fpages%2F8458&print=pdf\" class=\"pdfprnt-button pdfprnt-button-pdf\" target=\"_blank\" ><img decoding=\"async\" src=\"https:\/\/www.quetzalma.org\/wp-content\/plugins\/pdf-print\/images\/pdf.png\" alt=\"image_pdf\" title=\"Afficher le PDF\" \/><\/a><a href=\"https:\/\/www.quetzalma.org\/index.php?rest_route=%2Fwp%2Fv2%2Fpages%2F8458&print=print\" class=\"pdfprnt-button pdfprnt-button-print\" target=\"_blank\" ><img decoding=\"async\" src=\"https:\/\/www.quetzalma.org\/wp-content\/plugins\/pdf-print\/images\/print.png\" alt=\"image_print\" title=\"Contenu imprim\u00e9\" \/><\/a><\/div><p><a href=\"https:\/\/www.quetzalma.org\/?attachment_id=8466\" rel=\"attachment wp-att-8466\"><img loading=\"lazy\" decoding=\"async\" class=\"alignleft wp-image-8466\" src=\"https:\/\/www.quetzalma.org\/wp-content\/uploads\/2022\/03\/Colis-300x163.png\" alt=\"\" width=\"340\" height=\"185\" srcset=\"https:\/\/www.quetzalma.org\/wp-content\/uploads\/2022\/03\/Colis-300x163.png 300w, https:\/\/www.quetzalma.org\/wp-content\/uploads\/2022\/03\/Colis-768x418.png 768w, https:\/\/www.quetzalma.org\/wp-content\/uploads\/2022\/03\/Colis-150x82.png 150w, https:\/\/www.quetzalma.org\/wp-content\/uploads\/2022\/03\/Colis.png 982w\" sizes=\"auto, (max-width: 340px) 100vw, 340px\" \/><\/a>Tout d&rsquo;abord, nous avons le plaisir d&rsquo;exprimer notre profonde reconnaissance \u00e0 nos amis, connaissances, b\u00e9n\u00e9voles, symptahisants, gr\u00e2ce \u00e0 vous tous, nous avons r\u00e9ussi une fois de plus \u00e0 mener \u00e0 terme ce projet humanitaire.<\/p>\n<p><span style=\"color: #339966; background-color: #ccffcc;\"><em>Le plaisir de donner et d&rsquo;aider est une action qui entra\u00eene un sentiment de satisfation totale.<\/em><\/span><\/p>\n<p>&nbsp;<\/p>\n<p>&nbsp;<\/p>\n<p>Cette ann\u00e9e, nous avons r\u00e9ussi \u00e0 rassembler 300 paniers, qui ont \u00e9t\u00e9 distribu\u00e9s \u00e0 diff\u00e9rents endroits :<\/p>\n<p>&#8211; 10 Unit\u00e9s Ville de Trujillo (Las Casuarinas)<\/p>\n<p>&#8211; 10 Unit\u00e9s Trujillo City (Livr\u00e9es par les pompiers)<\/p>\n<p>&#8211; 10 Unit\u00e9s Ville d&rsquo;El Alto<\/p>\n<p>&#8211; 4 Unit\u00e9s Piedra Gacha<\/p>\n<p>&#8211; 100 Unit\u00e9s \u00c9tablissement Humanitaire Mari\u00e1tegui (Lima)<\/p>\n<p>&#8211; 60 Unit\u00e9s \u00c9tablissement Humanitaire de San Juan<\/p>\n<p>&#8211; 106 Unit\u00e9s Aide humanitaire P\u00eacheurs d&rsquo;Anc\u00f3n\u00a0(En raison de la mar\u00e9e noire qui affecte toujours notre littoral)<\/p>\n<p>Des livraisons ont \u00e9t\u00e9 faites sur plusieurs semaines aux diff\u00e9rents endroits relat\u00e9s ci-dessus, du Nord au Sud, 7 v\u00e9hicules mis \u00e0 disposition ont tourn\u00e9 ardemment pendant cette p\u00e9riode de distribution du 15 d\u00e9cembre 2021 au 28 janvier 2022.<\/p>\n<p>Merci \u00e0 tout un chacun de ce travail effectu\u00e9 avec l&rsquo;\u00e9quipe de b\u00e9n\u00e9voles sur place sous la directive d&rsquo;Elith MIRANDA, nous avons r\u00e9ussi \u00e0 atteindre la maison la plus n\u00e9cessiteuse.<\/p>\n<p><a href=\"https:\/\/www.quetzalma.org\/?attachment_id=8463\" rel=\"attachment wp-att-8463\"><span style=\"color: #000000;\">Elith\u00a0 Miranda<\/span><img loading=\"lazy\" decoding=\"async\" class=\"wp-image-8463 alignleft\" src=\"https:\/\/www.quetzalma.org\/wp-content\/uploads\/2022\/03\/Elith-300x169.png\" alt=\"\" width=\"386\" height=\"217\" srcset=\"https:\/\/www.quetzalma.org\/wp-content\/uploads\/2022\/03\/Elith-300x169.png 300w, https:\/\/www.quetzalma.org\/wp-content\/uploads\/2022\/03\/Elith-768x433.png 768w, https:\/\/www.quetzalma.org\/wp-content\/uploads\/2022\/03\/Elith-150x85.png 150w, https:\/\/www.quetzalma.org\/wp-content\/uploads\/2022\/03\/Elith.png 979w\" sizes=\"auto, (max-width: 386px) 100vw, 386px\" \/><\/a><\/p>\n<p>&nbsp;<\/p>\n<p>&nbsp;<\/p>\n<p>&nbsp;<\/p>\n<p>&nbsp;<\/p>\n<p>&nbsp;<\/p>\n<p>&nbsp;<\/p>\n<p><span style=\"background-color: #ccffcc;\"><em><a href=\"https:\/\/www.quetzalma.org\/?attachment_id=8464\" rel=\"attachment wp-att-8464\"><img loading=\"lazy\" decoding=\"async\" class=\"alignleft size-medium wp-image-8464\" src=\"https:\/\/www.quetzalma.org\/wp-content\/uploads\/2022\/03\/unis-300x230.png\" alt=\"\" width=\"300\" height=\"230\" srcset=\"https:\/\/www.quetzalma.org\/wp-content\/uploads\/2022\/03\/unis-300x230.png 300w, https:\/\/www.quetzalma.org\/wp-content\/uploads\/2022\/03\/unis-150x115.png 150w, https:\/\/www.quetzalma.org\/wp-content\/uploads\/2022\/03\/unis.png 430w\" sizes=\"auto, (max-width: 300px) 100vw, 300px\" \/><\/a><\/em><\/span><\/p>\n<p>&nbsp;<\/p>\n<p><span style=\"background-color: #ccffcc;\"><em>M\u00eame si nous avons tous une mission de vie, des\u00a0exp\u00e9riences \u00e0 vivre, ou des d\u00e9fis \u00e0 transcender pour grandir,\u00a0la plus grande de nos missions c\u2019est de pouvoir ressentir l\u2019essence de notre \u00eatre dans chaque moment de notre vie ici.\u00a0<\/em><\/span><\/p>\n<p><span style=\"background-color: #ccffcc;\"><em>C\u2019est voir le monde avec le c\u0153ur, voir la beaut\u00e9 du monde au-del\u00e0 des apparences. C\u2019est le plus beau cadeau que la vie nous ait donn\u00e9 de s\u2019\u00e9veiller \u00e0 cette beaut\u00e9.<\/em><\/span><\/p>\n<p>&nbsp;<\/p>\n<p>Et &#8230; voici quelques photos<\/p>\n<p>On est presque face \u00e0 la r\u00e9alit\u00e9, on peut vivre ces livraisons presque comme un privil\u00e8ge, comme si nous avions particip\u00e9 sur place.<\/p>\n<a href=\"https:\/\/www.quetzalma.org\/wp-content\/uploads\/2022\/10\/ayuda-2021-2022-1.pdf\" class=\"pdfemb-viewer\" style=\"\" data-width=\"max\" data-height=\"max\" data-toolbar=\"bottom\" data-toolbar-fixed=\"on\">ayuda 2021 -2022<\/a>\n","protected":false},"excerpt":{"rendered":"<p>Tout d&rsquo;abord, nous avons le plaisir d&rsquo;exprimer notre profonde reconnaissance \u00e0 nos amis, connaissances, b\u00e9n\u00e9voles, symptahisants, gr\u00e2ce \u00e0 vous tous, nous avons r\u00e9ussi une fois\u2026<\/p>\n<p class=\"continue-reading-button\"> <a class=\"continue-reading-link\" href=\"https:\/\/www.quetzalma.org\/?page_id=8458\">Lire la suite<i class=\"crycon-right-dir\"><\/i><\/a><\/p>\n","protected":false},"author":1,"featured_media":8464,"parent":7581,"menu_order":5,"comment_status":"closed","ping_status":"open","template":"","meta":{"footnotes":""},"class_list":["post-8458","page","type-page","status-publish","has-post-thumbnail","hentry"],"_links":{"self":[{"href":"https:\/\/www.quetzalma.org\/index.php?rest_route=\/wp\/v2\/pages\/8458","targetHints":{"allow":["GET"]}}],"collection":[{"href":"https:\/\/www.quetzalma.org\/index.php?rest_route=\/wp\/v2\/pages"}],"about":[{"href":"https:\/\/www.quetzalma.org\/index.php?rest_route=\/wp\/v2\/types\/page"}],"author":[{"embeddable":true,"href":"https:\/\/www.quetzalma.org\/index.php?rest_route=\/wp\/v2\/users\/1"}],"replies":[{"embeddable":true,"href":"https:\/\/www.quetzalma.org\/index.php?rest_route=%2Fwp%2Fv2%2Fcomments&post=8458"}],"version-history":[{"count":5,"href":"https:\/\/www.quetzalma.org\/index.php?rest_route=\/wp\/v2\/pages\/8458\/revisions"}],"predecessor-version":[{"id":11481,"href":"https:\/\/www.quetzalma.org\/index.php?rest_route=\/wp\/v2\/pages\/8458\/revisions\/11481"}],"up":[{"embeddable":true,"href":"https:\/\/www.quetzalma.org\/index.php?rest_route=\/wp\/v2\/pages\/7581"}],"wp:featuredmedia":[{"embeddable":true,"href":"https:\/\/www.quetzalma.org\/index.php?rest_route=\/wp\/v2\/media\/8464"}],"wp:attachment":[{"href":"https:\/\/www.quetzalma.org\/index.php?rest_route=%2Fwp%2Fv2%2Fmedia&parent=8458"}],"curies":[{"name":"wp","href":"https:\/\/api.w.org\/{rel}","templated":true}]}}